[INFO] fetching crate wasmer-compiler-cranelift 1.0.2...
[INFO] building wasmer-compiler-cranelift-1.0.2 against master#ff34b919075f35a1787659e9c448a34b06bab8de for issue-85264
[INFO] extracting crate wasmer-compiler-cranelift 1.0.2 into /workspace/builds/worker-7/source
[INFO] validating manifest of crates.io crate wasmer-compiler-cranelift 1.0.2 on toolchain ff34b919075f35a1787659e9c448a34b06bab8de
[INFO] running `Command { std: "/workspace/cargo-home/bin/cargo" "+ff34b919075f35a1787659e9c448a34b06bab8de" "metadata" "--manifest-path" "Cargo.toml" "--no-deps", kill_on_drop: false }`
[INFO] started tweaking crates.io crate wasmer-compiler-cranelift 1.0.2
[INFO] finished tweaking crates.io crate wasmer-compiler-cranelift 1.0.2
[INFO] tweaked toml for crates.io crate wasmer-compiler-cranelift 1.0.2 written to /workspace/builds/worker-7/source/Cargo.toml
[INFO] running `Command { std: "/workspace/cargo-home/bin/cargo" "+ff34b919075f35a1787659e9c448a34b06bab8de" "generate-lockfile" "--manifest-path" "Cargo.toml" "-Zno-index-update", kill_on_drop: false }`
[INFO] running `Command { std: "/workspace/cargo-home/bin/cargo" "+ff34b919075f35a1787659e9c448a34b06bab8de" "fetch" "--manifest-path" "Cargo.toml", kill_on_drop: false }`
[INFO] running `Command { std: "docker" "create" "-v" "/var/lib/crater-agent-workspace/builds/worker-7/target:/opt/rustwide/target:rw,Z" "-v" "/var/lib/crater-agent-workspace/builds/worker-7/source:/opt/rustwide/workdir:ro,Z" "-v" "/var/lib/crater-agent-workspace/cargo-home:/opt/rustwide/cargo-home:ro,Z" "-v" "/var/lib/crater-agent-workspace/rustup-home:/opt/rustwide/rustup-home:ro,Z" "-e" "SOURCE_DIR=/opt/rustwide/workdir" "-e" "CARGO_TARGET_DIR=/opt/rustwide/target" "-e" "CARGO_HOME=/opt/rustwide/cargo-home" "-e" "RUSTUP_HOME=/opt/rustwide/rustup-home" "-w" "/opt/rustwide/workdir" "-m" "1610612736" "--user" "0:0" "--network" "none" "ghcr.io/rust-lang/crates-build-env/linux@sha256:20528e8c29e4536546f0102ce88568b16ea7538393a33fcca951030f7af10457" "/opt/rustwide/cargo-home/bin/cargo" "+ff34b919075f35a1787659e9c448a34b06bab8de" "metadata" "--no-deps" "--format-version=1", kill_on_drop: false }`
[INFO] [stdout] ac36eb97e92aad402013f14b877655c905b65f15fe8031a405fe427e435470b8
[INFO] [stderr] WARNING: Your kernel does not support swap limit capabilities or the cgroup is not mounted. Memory limited without swap.
[INFO] running `Command { std: "docker" "start" "-a" "ac36eb97e92aad402013f14b877655c905b65f15fe8031a405fe427e435470b8", kill_on_drop: false }`
[INFO] running `Command { std: "docker" "inspect" "ac36eb97e92aad402013f14b877655c905b65f15fe8031a405fe427e435470b8", kill_on_drop: false }`
[INFO] running `Command { std: "docker" "rm" "-f" "ac36eb97e92aad402013f14b877655c905b65f15fe8031a405fe427e435470b8", kill_on_drop: false }`
[INFO] [stdout] ac36eb97e92aad402013f14b877655c905b65f15fe8031a405fe427e435470b8
[INFO] running `Command { std: "docker" "create" "-v" "/var/lib/crater-agent-workspace/builds/worker-7/target:/opt/rustwide/target:rw,Z" "-v" "/var/lib/crater-agent-workspace/builds/worker-7/source:/opt/rustwide/workdir:ro,Z" "-v" "/var/lib/crater-agent-workspace/cargo-home:/opt/rustwide/cargo-home:ro,Z" "-v" "/var/lib/crater-agent-workspace/rustup-home:/opt/rustwide/rustup-home:ro,Z" "-e" "SOURCE_DIR=/opt/rustwide/workdir" "-e" "CARGO_TARGET_DIR=/opt/rustwide/target" "-e" "CARGO_INCREMENTAL=0" "-e" "RUST_BACKTRACE=full" "-e" "RUSTFLAGS=--cap-lints=forbid" "-e" "CARGO_HOME=/opt/rustwide/cargo-home" "-e" "RUSTUP_HOME=/opt/rustwide/rustup-home" "-w" "/opt/rustwide/workdir" "-m" "1610612736" "--user" "0:0" "--network" "none" "ghcr.io/rust-lang/crates-build-env/linux@sha256:20528e8c29e4536546f0102ce88568b16ea7538393a33fcca951030f7af10457" "/opt/rustwide/cargo-home/bin/cargo" "+ff34b919075f35a1787659e9c448a34b06bab8de" "build" "--frozen" "--message-format=json", kill_on_drop: false }`
[INFO] [stderr] WARNING: Your kernel does not support swap limit capabilities or the cgroup is not mounted. Memory limited without swap.
[INFO] [stdout] d1b82916d36b6383ed8840de3ed0890f5da4f736be4c6204749923621b472742
[INFO] running `Command { std: "docker" "start" "-a" "d1b82916d36b6383ed8840de3ed0890f5da4f736be4c6204749923621b472742", kill_on_drop: false }`
[INFO] [stderr]    Compiling proc-macro2 v1.0.27
[INFO] [stderr]    Compiling unicode-xid v0.2.2
[INFO] [stderr]    Compiling autocfg v1.0.1
[INFO] [stderr]    Compiling serde_derive v1.0.126
[INFO] [stderr]    Compiling serde v1.0.126
[INFO] [stderr]    Compiling cfg-if v1.0.0
[INFO] [stderr]    Compiling libc v0.2.95
[INFO] [stderr]    Compiling lazy_static v1.4.0
[INFO] [stderr]    Compiling crossbeam-utils v0.8.5
[INFO] [stderr]    Compiling cc v1.0.68
[INFO] [stderr]    Compiling hashbrown v0.9.1
[INFO] [stderr]    Compiling fnv v1.0.7
[INFO] [stderr]    Compiling ident_case v1.0.1
[INFO] [stderr]    Compiling strsim v0.10.0
[INFO] [stderr]    Compiling crossbeam-epoch v0.9.5
[INFO] [stderr]    Compiling bitflags v1.2.1
[INFO] [stderr]    Compiling scopeguard v1.1.0
[INFO] [stderr]    Compiling smallvec v1.6.1
[INFO] [stderr]    Compiling rayon-core v1.9.1
[INFO] [stderr]    Compiling adler v1.0.2
[INFO] [stderr]    Compiling gimli v0.24.0
[INFO] [stderr]    Compiling rustc-demangle v0.1.19
[INFO] [stderr]    Compiling object v0.24.0
[INFO] [stderr]    Compiling cfg-if v0.1.10
[INFO] [stderr]    Compiling more-asserts v0.2.1
[INFO] [stderr]    Compiling wasmparser v0.65.0
[INFO] [stderr]    Compiling either v1.6.1
[INFO] [stderr]    Compiling wasmer-compiler-cranelift v1.0.2 (/opt/rustwide/workdir)
[INFO] [stderr]    Compiling log v0.4.14
[INFO] [stderr]    Compiling tracing-core v0.1.18
[INFO] [stderr]    Compiling regalloc v0.0.31
[INFO] [stderr]    Compiling memoffset v0.6.4
[INFO] [stderr]    Compiling indexmap v1.6.2
[INFO] [stderr]    Compiling miniz_oxide v0.4.4
[INFO] [stderr]    Compiling rayon v1.5.1
[INFO] [stderr]    Compiling crossbeam-channel v0.5.1
[INFO] [stderr]    Compiling quote v1.0.9
[INFO] [stderr]    Compiling syn v1.0.72
[INFO] [stderr]    Compiling crossbeam-deque v0.8.0
[INFO] [stderr]    Compiling region v2.2.0
[INFO] [stderr]    Compiling num_cpus v1.13.0
[INFO] [stderr]    Compiling backtrace v0.3.59
[INFO] [stderr]    Compiling wasmer-vm v1.0.2
[INFO] [stderr]    Compiling addr2line v0.15.1
[INFO] [stderr]    Compiling darling_core v0.12.4
[INFO] [stderr]    Compiling thiserror-impl v1.0.25
[INFO] [stderr]    Compiling tracing-attributes v0.1.15
[INFO] [stderr]    Compiling darling_macro v0.12.4
[INFO] [stderr]    Compiling darling v0.12.4
[INFO] [stderr]    Compiling enumset_derive v0.5.4
[INFO] [stderr]    Compiling thiserror v1.0.25
[INFO] [stderr]    Compiling tracing v0.1.26
[INFO] [stderr]    Compiling enumset v1.0.6
[INFO] [stderr]    Compiling cranelift-entity v0.68.0
[INFO] [stderr]    Compiling serde_bytes v0.11.5
[INFO] [stderr]    Compiling cranelift-codegen-meta v0.68.0
[INFO] [stderr]    Compiling wasmer-types v1.0.2
[INFO] [stderr]    Compiling cranelift-bforest v0.68.0
[INFO] [stderr]    Compiling gimli v0.22.0
[INFO] [stderr]    Compiling wasmer-compiler v1.0.2
[INFO] [stderr]    Compiling cranelift-codegen v0.68.0
[INFO] [stderr]    Compiling cranelift-frontend v0.68.0
[INFO] [stderr]     Finished dev [unoptimized + debuginfo] target(s) in 1m 27s
[INFO] running `Command { std: "docker" "inspect" "d1b82916d36b6383ed8840de3ed0890f5da4f736be4c6204749923621b472742", kill_on_drop: false }`
[INFO] running `Command { std: "docker" "rm" "-f" "d1b82916d36b6383ed8840de3ed0890f5da4f736be4c6204749923621b472742", kill_on_drop: false }`
[INFO] [stdout] d1b82916d36b6383ed8840de3ed0890f5da4f736be4c6204749923621b472742
[INFO] running `Command { std: "docker" "create" "-v" "/var/lib/crater-agent-workspace/builds/worker-7/target:/opt/rustwide/target:rw,Z" "-v" "/var/lib/crater-agent-workspace/builds/worker-7/source:/opt/rustwide/workdir:ro,Z" "-v" "/var/lib/crater-agent-workspace/cargo-home:/opt/rustwide/cargo-home:ro,Z" "-v" "/var/lib/crater-agent-workspace/rustup-home:/opt/rustwide/rustup-home:ro,Z" "-e" "SOURCE_DIR=/opt/rustwide/workdir" "-e" "CARGO_TARGET_DIR=/opt/rustwide/target" "-e" "CARGO_INCREMENTAL=0" "-e" "RUST_BACKTRACE=full" "-e" "RUSTFLAGS=--cap-lints=forbid" "-e" "CARGO_HOME=/opt/rustwide/cargo-home" "-e" "RUSTUP_HOME=/opt/rustwide/rustup-home" "-w" "/opt/rustwide/workdir" "-m" "1610612736" "--user" "0:0" "--network" "none" "ghcr.io/rust-lang/crates-build-env/linux@sha256:20528e8c29e4536546f0102ce88568b16ea7538393a33fcca951030f7af10457" "/opt/rustwide/cargo-home/bin/cargo" "+ff34b919075f35a1787659e9c448a34b06bab8de" "test" "--frozen" "--no-run" "--message-format=json", kill_on_drop: false }`
[INFO] [stdout] 54bae26571a963efa1510a2c0243c409a3352dec7d164270325f5cc8358341ff
[INFO] [stderr] WARNING: Your kernel does not support swap limit capabilities or the cgroup is not mounted. Memory limited without swap.
[INFO] running `Command { std: "docker" "start" "-a" "54bae26571a963efa1510a2c0243c409a3352dec7d164270325f5cc8358341ff", kill_on_drop: false }`
[INFO] [stderr]    Compiling cranelift-entity v0.67.0
[INFO] [stderr]    Compiling cranelift-codegen-shared v0.67.0
[INFO] [stderr]    Compiling regalloc v0.0.30
[INFO] [stderr]    Compiling gimli v0.21.0
[INFO] [stderr]    Compiling cranelift-codegen-meta v0.67.0
[INFO] [stderr]    Compiling cranelift-bforest v0.67.0
[INFO] [stderr]    Compiling cranelift-codegen v0.67.0
[INFO] [stdout] error[E0277]: the trait bound `PrimaryMap<StackSlot, StackSlotData>: Serialize` is not satisfied
[INFO] [stdout]    --> /opt/rustwide/cargo-home/registry/src/github.com-1ecc6299db9ec823/cranelift-codegen-0.67.0/src/ir/stackslot.rs:188:5
[INFO] [stdout]     |
[INFO] [stdout] 188 | /     /// All allocated stack slots.
[INFO] [stdout] 189 | |     slots: PrimaryMap<StackSlot, StackSlotData>,
[INFO] [stdout]     | |_______________________________________________^ the trait `Serialize` is not implemented for `PrimaryMap<StackSlot, StackSlotData>`
[INFO] [stdout]     |
[INFO] [stdout]     = note: required by `binemit::_::_serde::ser::SerializeStruct::serialize_field`
[INFO] [stdout] 
[INFO] [stdout] 
[INFO] [stdout] error[E0277]: the trait bound `PrimaryMap<StackSlot, StackSlotData>: Deserialize<'_>` is not satisfied
[INFO] [stdout]    --> /opt/rustwide/cargo-home/registry/src/github.com-1ecc6299db9ec823/cranelift-codegen-0.67.0/src/ir/stackslot.rs:188:5
[INFO] [stdout]     |
[INFO] [stdout] 188 | /     /// All allocated stack slots.
[INFO] [stdout] 189 | |     slots: PrimaryMap<StackSlot, StackSlotData>,
[INFO] [stdout]     | |_______________________________________________^ the trait `Deserialize<'_>` is not implemented for `PrimaryMap<StackSlot, StackSlotData>`
[INFO] [stdout]     |
[INFO] [stdout]     = note: required by `next_element`
[INFO] [stdout] 
[INFO] [stdout] 
[INFO] [stdout] error[E0277]: the trait bound `PrimaryMap<StackSlot, StackSlotData>: Deserialize<'_>` is not satisfied
[INFO] [stdout]    --> /opt/rustwide/cargo-home/registry/src/github.com-1ecc6299db9ec823/cranelift-codegen-0.67.0/src/ir/stackslot.rs:188:5
[INFO] [stdout]     |
[INFO] [stdout] 188 | /     /// All allocated stack slots.
[INFO] [stdout] 189 | |     slots: PrimaryMap<StackSlot, StackSlotData>,
[INFO] [stdout]     | |_______________________________________________^ the trait `Deserialize<'_>` is not implemented for `PrimaryMap<StackSlot, StackSlotData>`
[INFO] [stdout]     |
[INFO] [stdout]     = note: required by `next_value`
[INFO] [stdout] 
[INFO] [stdout] 
[INFO] [stdout] error: aborting due to 3 previous errors
[INFO] [stdout] 
[INFO] [stdout] 
[INFO] [stdout] For more information about this error, try `rustc --explain E0277`.
[INFO] [stdout] 
[INFO] [stderr] error: could not compile `cranelift-codegen`
[INFO] [stderr] 
[INFO] [stderr] To learn more, run the command again with --verbose.
[INFO] running `Command { std: "docker" "inspect" "54bae26571a963efa1510a2c0243c409a3352dec7d164270325f5cc8358341ff", kill_on_drop: false }`
[INFO] running `Command { std: "docker" "rm" "-f" "54bae26571a963efa1510a2c0243c409a3352dec7d164270325f5cc8358341ff", kill_on_drop: false }`
[INFO] [stdout] 54bae26571a963efa1510a2c0243c409a3352dec7d164270325f5cc8358341ff
